{"id":1854,"date":"2018-10-15T11:14:06","date_gmt":"2018-10-15T14:14:06","guid":{"rendered":"http:\/\/www.asphan.org.br\/wp-content\/uploads\/2018\/10\/Sentenc\u0327a-procedente-Lei-12277-10.pdf"},"modified":"2018-10-15T11:16:08","modified_gmt":"2018-10-15T14:16:08","slug":"sentenc%cc%a7a-procedente-lei-12277-10","status":"inherit","type":"attachment","link":"http:\/\/www.asphan.org.br\/index.php\/sentenc%cc%a7a-procedente-lei-12277-10","title":{"rendered":"Sentenc\u0327a procedente &#8211; Lei 12.277\/10"},"author":3,"comment_status":"closed","ping_status":"closed","template":"","meta":{"_bbp_topic_count":0,"_bbp_reply_count":0,"_bbp_total_topic_count":0,"_bbp_total_reply_count":0,"_bbp_voice_count":0,"_bbp_anonymous_reply_count":0,"_bbp_topic_count_hidden":0,"_bbp_reply_count_hidden":0,"_bbp_forum_subforum_count":0,"ngg_post_thumbnail":0,"_links_to":"","_links_to_target":""},"description":{"rendered":"<p class=\"attachment\"><a href='http:\/\/www.asphan.org.br\/wp-content\/uploads\/2018\/10\/Sentenc\u0327a-procedente-Lei-12277-10.pdf'>Sentenc\u0327a procedente - Lei 12.277\/10<\/a><\/p>\n<p>Mais uma senten\u00e7a favor\u00e1vel, relativa \u00e0 Lei 12277, assegurado a servidores do IPHAN o direito de op\u00e7\u00e3o \u00e0 estrutura remunerat\u00f3ria especial, com efeitos retroativos \u00e0 data da sua edi\u00e7\u00e3o.<\/p>\n"},"caption":{"rendered":"<p>Sentenc\u0327a procedente &#8211; Lei 12.277\/10 Mais uma senten\u00e7a favor\u00e1vel, relativa \u00e0 Lei 12277, assegurado a servidores do IPHAN o direito de op\u00e7\u00e3o \u00e0 estrutura remunerat\u00f3ria especial, com efeitos retroativos \u00e0 data da sua edi\u00e7\u00e3o.<\/p>\n"},"alt_text":"","media_type":"file","mime_type":"application\/pdf","media_details":{},"post":null,"source_url":"http:\/\/www.asphan.org.br\/wp-content\/uploads\/2018\/10\/Sentenc\u0327a-procedente-Lei-12277-10.pdf","_links":{"self":[{"href":"http:\/\/www.asphan.org.br\/index.php\/wp-json\/wp\/v2\/media\/1854"}],"collection":[{"href":"http:\/\/www.asphan.org.br\/index.php\/wp-json\/wp\/v2\/media"}],"about":[{"href":"http:\/\/www.asphan.org.br\/index.php\/wp-json\/wp\/v2\/types\/attachment"}],"author":[{"embeddable":true,"href":"http:\/\/www.asphan.org.br\/index.php\/wp-json\/wp\/v2\/users\/3"}],"replies":[{"embeddable":true,"href":"http:\/\/www.asphan.org.br\/index.php\/wp-json\/wp\/v2\/comments?post=1854"}]}}

<p class="attachment"><a href='http://www.asphan.org.br/wp-content/uploads/2018/10/Sentença-procedente-Lei-12277-10.pdf'>Sentença procedente - Lei 12.277/10</a></p>
<p>Mais uma sentença favorável, relativa à Lei 12277, assegurado a servidores do IPHAN o direito de opção à estrutura remuneratória especial, com efeitos retroativos à data da sua edição.</p>

<p>Sentença procedente &#8211; Lei 12.277/10 Mais uma sentença favorável, relativa à Lei 12277, assegurado a servidores do IPHAN o direito de opção à estrutura remuneratória especial, com efeitos retroativos à data da sua edição.</p>
