{"id":362,"date":"2012-02-13T19:02:52","date_gmt":"2012-02-13T19:02:52","guid":{"rendered":"http:\/\/www.asphan.org.br\/?page_id=362"},"modified":"2016-03-10T00:12:58","modified_gmt":"2016-03-10T03:12:58","slug":"associados","status":"publish","type":"page","link":"http:\/\/www.asphan.org.br\/index.php\/associados","title":{"rendered":"Associados"},"content":{"rendered":"<p>A Asphan trabalha para garantir a representatividade de seus associados, servidores do Iphan em atividade e aposentados, bem como daqueles hoje pertencentes aos quadros do Ibram. Uma diversidade de profissionais, que inclui arque\u00f3logos, arquitetos, engenheiros, bibliotec\u00e1rios, administradores, t\u00e9cnicos administrativos, restauradores, arquivistas, historiadores, muse\u00f3logos, economistas, entre tantos outros trabalhadores.<\/p>\n<p>Se voc\u00ea ainda n\u00e3o \u00e9 associado, <strong><a href=\"http:\/\/www.asphan.org.br\/filiacao\">filie-se<\/a><\/strong> e fa\u00e7a parte da nossa luta por benef\u00edcios e reajustes salariais, pela redu\u00e7\u00e3o da GDAC dos aposentados, pelo cumprimento dos acordos entre o governo e a classe, pela democratiza\u00e7\u00e3o dos cargos dirigentes nas institui\u00e7\u00f5es, pela recomposi\u00e7\u00e3o dos quadros t\u00e9cnicos, contra precariza\u00e7\u00e3o do trabalho e, consequentemente, dos servi\u00e7os prestados \u00e0 popula\u00e7\u00e3o.<\/p>\n<h3>Atualiza\u00e7\u00e3o de cadastro<\/h3>\n<div role=\"form\" class=\"wpcf7\" id=\"wpcf7-f1133-o1\" lang=\"pt-BR\" dir=\"ltr\">\n<div class=\"screen-reader-response\"><p role=\"status\" aria-live=\"polite\" aria-atomic=\"true\"><\/p> <ul><\/ul><\/div>\n<form action=\"\/index.php\/wp-json\/wp\/v2\/pages\/362#wpcf7-f1133-o1\" method=\"post\" class=\"wpcf7-form init\" novalidate=\"novalidate\" data-status=\"init\">\n<div style=\"display: none;\">\n<input type=\"hidden\" name=\"_wpcf7\" value=\"1133\" \/>\n<input type=\"hidden\" name=\"_wpcf7_version\" value=\"5.5.6\" \/>\n<input type=\"hidden\" name=\"_wpcf7_locale\" value=\"pt_BR\" \/>\n<input type=\"hidden\" name=\"_wpcf7_unit_tag\" value=\"wpcf7-f1133-o1\" \/>\n<input type=\"hidden\" name=\"_wpcf7_container_post\" value=\"0\" \/>\n<input type=\"hidden\" name=\"_wpcf7_posted_data_hash\" value=\"\" \/>\n<\/div>\n<p>Seu nome (obrigat\u00f3rio)<br \/>\n    <span class=\"wpcf7-form-control-wrap your-name\"><input type=\"text\" name=\"your-name\" value=\"\" size=\"40\" class=\"wpcf7-form-control wpcf7-text wpcf7-validates-as-required\" aria-required=\"true\" aria-invalid=\"false\" \/><\/span> <\/p>\n<p>Seu e-mail (obrigat\u00f3rio)<br \/>\n    <span class=\"wpcf7-form-control-wrap your-email\"><input type=\"email\" name=\"your-email\" value=\"\" size=\"40\" class=\"wpcf7-form-control wpcf7-text wpcf7-email wpcf7-validates-as-required wpcf7-validates-as-email\" aria-required=\"true\" aria-invalid=\"false\" \/><\/span> <\/p>\n<p>Matr\u00edcula SIAPE (obrigat\u00f3rio)<br \/>\n    <span class=\"wpcf7-form-control-wrap your-matricula\"><input type=\"text\" name=\"your-matricula\" value=\"\" size=\"40\" class=\"wpcf7-form-control wpcf7-text wpcf7-validates-as-required\" aria-required=\"true\" aria-invalid=\"false\" \/><\/span> <\/p>\n<p>RG(obrigat\u00f3rio)<br \/>\n    <span class=\"wpcf7-form-control-wrap your-rg\"><input type=\"text\" name=\"your-rg\" value=\"\" size=\"40\" class=\"wpcf7-form-control wpcf7-text wpcf7-validates-as-required\" aria-required=\"true\" aria-invalid=\"false\" \/><\/span> <\/p>\n<p>CPF(obrigat\u00f3rio)<br \/>\n    <span class=\"wpcf7-form-control-wrap your-cpf\"><input type=\"text\" name=\"your-cpf\" value=\"\" size=\"40\" class=\"wpcf7-form-control wpcf7-text wpcf7-validates-as-required\" aria-required=\"true\" aria-invalid=\"false\" \/><\/span> <\/p>\n<p>Estado Civil (obrigat\u00f3rio)<br \/>\n    <span class=\"wpcf7-form-control-wrap EstadoCivil\"><select name=\"EstadoCivil\" class=\"wpcf7-form-control wpcf7-select\" aria-invalid=\"false\"><option value=\"Solteira(o)\">Solteira(o)<\/option><option value=\"Casada(o)\">Casada(o)<\/option><option value=\"Vi\u00fava(o)\">Vi\u00fava(o)<\/option><option value=\"Divorciada(o)\">Divorciada(o)<\/option><option value=\"Separada(o)\">Separada(o)<\/option><option value=\"Companheira(o)\">Companheira(o)<\/option><\/select><\/span><\/p>\n<p>Seu endere\u00e7o(obrigat\u00f3rio)<br \/>\n    <span class=\"wpcf7-form-control-wrap your-address\"><input type=\"text\" name=\"your-address\" value=\"\" size=\"40\" class=\"wpcf7-form-control wpcf7-text wpcf7-validates-as-required\" aria-required=\"true\" aria-invalid=\"false\" \/><\/span> <\/p>\n<p>Seu telefone(obrigat\u00f3rio)<br \/>\n    <span class=\"wpcf7-form-control-wrap your-tel\"><input type=\"tel\" name=\"your-tel\" value=\"\" size=\"40\" class=\"wpcf7-form-control wpcf7-text wpcf7-tel wpcf7-validates-as-required wpcf7-validates-as-tel\" aria-required=\"true\" aria-invalid=\"false\" \/><\/span> <\/p>\n<p><input type=\"submit\" value=\"Enviar\" class=\"wpcf7-form-control has-spinner wpcf7-submit\" \/><\/p>\n<div class=\"wpcf7-response-output\" aria-hidden=\"true\"><\/div><\/form><\/div>\n","protected":false},"excerpt":{"rendered":"<p>A Asphan trabalha para garantir a representatividade de seus associados, servidores do Iphan em atividade e aposentados, bem como daqueles hoje pertencentes aos quadros do Ibram. Uma diversidade de profissionais, que inclui arque\u00f3logos, arquitetos, engenheiros, bibliotec\u00e1rios, administradores, t\u00e9cnicos administrativos, restauradores, arquivistas, historiadores, muse\u00f3logos, economistas, entre tantos outros trabalhadores. Se voc\u00ea ainda n\u00e3o \u00e9 associado, filie-se [&hellip;]<\/p>\n","protected":false},"author":1,"featured_media":0,"parent":0,"menu_order":2,"comment_status":"closed","ping_status":"closed","template":"","meta":{"_bbp_topic_count":0,"_bbp_reply_count":0,"_bbp_total_topic_count":0,"_bbp_total_reply_count":0,"_bbp_voice_count":0,"_bbp_anonymous_reply_count":0,"_bbp_topic_count_hidden":0,"_bbp_reply_count_hidden":0,"_bbp_forum_subforum_count":0,"ngg_post_thumbnail":0,"_links_to":"","_links_to_target":""},"_links":{"self":[{"href":"http:\/\/www.asphan.org.br\/index.php\/wp-json\/wp\/v2\/pages\/362"}],"collection":[{"href":"http:\/\/www.asphan.org.br\/index.php\/wp-json\/wp\/v2\/pages"}],"about":[{"href":"http:\/\/www.asphan.org.br\/index.php\/wp-json\/wp\/v2\/types\/page"}],"author":[{"embeddable":true,"href":"http:\/\/www.asphan.org.br\/index.php\/wp-json\/wp\/v2\/users\/1"}],"replies":[{"embeddable":true,"href":"http:\/\/www.asphan.org.br\/index.php\/wp-json\/wp\/v2\/comments?post=362"}],"version-history":[{"count":7,"href":"http:\/\/www.asphan.org.br\/index.php\/wp-json\/wp\/v2\/pages\/362\/revisions"}],"predecessor-version":[{"id":1850,"href":"http:\/\/www.asphan.org.br\/index.php\/wp-json\/wp\/v2\/pages\/362\/revisions\/1850"}],"wp:attachment":[{"href":"http:\/\/www.asphan.org.br\/index.php\/wp-json\/wp\/v2\/media?parent=362"}],"curies":[{"name":"wp","href":"https:\/\/api.w.org\/{rel}","templated":true}]}}

<p>A Asphan trabalha para garantir a representatividade de seus associados, servidores do Iphan em atividade e aposentados, bem como daqueles hoje pertencentes aos quadros do Ibram. Uma diversidade de profissionais, que inclui arqueólogos, arquitetos, engenheiros, bibliotecários, administradores, técnicos administrativos, restauradores, arquivistas, historiadores, museólogos, economistas, entre tantos outros trabalhadores.</p>
<p>Se você ainda não é associado, <strong><a href="http://www.asphan.org.br/filiacao">filie-se</a></strong> e faça parte da nossa luta por benefícios e reajustes salariais, pela redução da GDAC dos aposentados, pelo cumprimento dos acordos entre o governo e a classe, pela democratização dos cargos dirigentes nas instituições, pela recomposição dos quadros técnicos, contra precarização do trabalho e, consequentemente, dos serviços prestados à população.</p>
<h3>Atualização de cadastro</h3>
<div role="form" class="wpcf7" id="wpcf7-f1133-o1" lang="pt-BR" dir="ltr">
<div class="screen-reader-response"><p role="status" aria-live="polite" aria-atomic="true"></p> <ul></ul></div>
<form action="/index.php/wp-json/wp/v2/pages/362#wpcf7-f1133-o1" method="post" class="wpcf7-form init" novalidate="novalidate" data-status="init">
<div style="display: none;">
<input type="hidden" name="_wpcf7" value="1133" />
<input type="hidden" name="_wpcf7_version" value="5.5.6" />
<input type="hidden" name="_wpcf7_locale" value="pt_BR" />
<input type="hidden" name="_wpcf7_unit_tag" value="wpcf7-f1133-o1" />
<input type="hidden" name="_wpcf7_container_post" value="0" />
<input type="hidden" name="_wpcf7_posted_data_hash" value="" />
</div>
<p>Seu nome (obrigatório)<br />
    <span class="wpcf7-form-control-wrap your-name"><input type="text" name="your-name" value="" size="40" class="wpcf7-form-control wpcf7-text wpcf7-validates-as-required" aria-required="true" aria-invalid="false" /></span> </p>
<p>Seu e-mail (obrigatório)<br />
    <span class="wpcf7-form-control-wrap your-email"><input type="email" name="your-email" value="" size="40" class="wpcf7-form-control wpcf7-text wpcf7-email wpcf7-validates-as-required wpcf7-validates-as-email" aria-required="true" aria-invalid="false" /></span> </p>
<p>Matrícula SIAPE (obrigatório)<br />
    <span class="wpcf7-form-control-wrap your-matricula"><input type="text" name="your-matricula" value="" size="40" class="wpcf7-form-control wpcf7-text wpcf7-validates-as-required" aria-required="true" aria-invalid="false" /></span> </p>
<p>RG(obrigatório)<br />
    <span class="wpcf7-form-control-wrap your-rg"><input type="text" name="your-rg" value="" size="40" class="wpcf7-form-control wpcf7-text wpcf7-validates-as-required" aria-required="true" aria-invalid="false" /></span> </p>
<p>CPF(obrigatório)<br />
    <span class="wpcf7-form-control-wrap your-cpf"><input type="text" name="your-cpf" value="" size="40" class="wpcf7-form-control wpcf7-text wpcf7-validates-as-required" aria-required="true" aria-invalid="false" /></span> </p>
<p>Estado Civil (obrigatório)<br />
    <span class="wpcf7-form-control-wrap EstadoCivil"><select name="EstadoCivil" class="wpcf7-form-control wpcf7-select" aria-invalid="false"><option value="Solteira(o)">Solteira(o)</option><option value="Casada(o)">Casada(o)</option><option value="Viúva(o)">Viúva(o)</option><option value="Divorciada(o)">Divorciada(o)</option><option value="Separada(o)">Separada(o)</option><option value="Companheira(o)">Companheira(o)</option></select></span></p>
<p>Seu endereço(obrigatório)<br />
    <span class="wpcf7-form-control-wrap your-address"><input type="text" name="your-address" value="" size="40" class="wpcf7-form-control wpcf7-text wpcf7-validates-as-required" aria-required="true" aria-invalid="false" /></span> </p>
<p>Seu telefone(obrigatório)<br />
    <span class="wpcf7-form-control-wrap your-tel"><input type="tel" name="your-tel" value="" size="40" class="wpcf7-form-control wpcf7-text wpcf7-tel wpcf7-validates-as-required wpcf7-validates-as-tel" aria-required="true" aria-invalid="false" /></span> </p>
<p><input type="submit" value="Enviar" class="wpcf7-form-control has-spinner wpcf7-submit" /></p>
<div class="wpcf7-response-output" aria-hidden="true"></div></form></div>

<p>A Asphan trabalha para garantir a representatividade de seus associados, servidores do Iphan em atividade e aposentados, bem como daqueles hoje pertencentes aos quadros do Ibram. Uma diversidade de profissionais, que inclui arqueólogos, arquitetos, engenheiros, bibliotecários, administradores, técnicos administrativos, restauradores, arquivistas, historiadores, museólogos, economistas, entre tantos outros trabalhadores. Se você ainda não é associado, filie-se [&hellip;]</p>
